w?
1
Suppose 4*i = 4*u - 13856, -8648 = -4*u + 5*i + 5210. What is the units digit of u?
2
Let m(n) = n**2 - 11*n - 10. What is the hundreds digit of m(23)?
2
Let o be ((-39)/3)/(3/3). Let u(l) = l**3 + 14*l**2 + 7*l + 16. What is the units digit of u(o)?
4
Suppose 8*j = -84 + 940. Suppose 22*p = 23*p - j. What is the hundreds digit of p?
1
Let h(i) = 25*i + 1. What is the tens digit of h(1)?
2
Suppose -2*m + 210 = -3*b - b, -2*m = -b - 195. What is the tens digit of m?
9
Let d(f) = 11*f**2 - 4*f + 5. Let c be d(2). Suppose -2*m = -c - 33. Let s = 70 - m. What is the units digit of s?
3
Let i(x) = x**2 + 4*x - 17. Let s be i(-10). Let q(r) = -r**2 + r - 3. Let n be q(-4). Let d = n + s. What is the tens digit of d?
2
Suppose -2*c + 7*c = 1115. Let y be (-26)/195 - c/15. Let p = y - -29. What is the tens digit of p?
1
Suppose -3*s + 1621 = 4*x, 1197 = -8*x + 11*x - 4*s. Suppose -x*d + 404*d = 26. What is the units digit of d?
6
Let s be (-3 + 220/(-8))*-2. Suppose s = 5*u - 2*i, -u = 4*i - 2 + 3. Let r = 18 - u. What is the units digit of r?
7
Suppose 3*a = -4*j + 1808, 0 = 2*a - 3*j + 35 - 1229. What is the tens digit of a?
0
Let r(q) = -6*q**2 + 10*q - 3 + 2*q**2 - 3*q**3 - 6*q**2 - 2*q**2. What is the hundreds digit of r(-6)?
1
Let t = -7 + 9. Let s(q) be the second derivative of 5*q**3/6 - 3*q**2/2 - 2*q. What is the units digit of s(t)?
7
What is the tens digit of -1*2/6 + 100864/192?
2
Suppose 3*j - 28 = -7. What is the units digit of j + -9 + (0 - -19)?
7
Suppose -191*a = -198*a. Let f(c) = 19 + c**2 - 5*c + 22 + 3*c. What is the units digit of f(a)?
1
Suppose 2*d = 2, -8*x - 153 = -10*x - 5*d. What is the tens digit of x?
7
Suppose -824 - 5931 = -7*j. What is the units digit of j?
5
Let u be ((-4)/(-5))/(2/5). Suppose 2*x = 3*y + 2*y + 7, -x - u*y + 17 = 0. What is the units digit of x?
1
Suppose 31*b + 86799 = 238172. What is the tens digit of b?
8
Suppose 4*x + 2*m = -14, 2*x - 11 + 3 = 4*m. Let i(r) = -r**3 + 3*r**2 + r - 2. What is the units digit of i(x)?
6
Suppose 35 = 4*u - b, 2*b = -u + 11 - 0. Let o(c) = -c**2 + 9*c + 4. Let f be o(u). Let m(g) = 2*g**3 - 7*g**2 + 4*g. What is the units digit of m(f)?
2
Let a be (-1)/4 - (-22)/(-8). What is the units digit of (-5 - a) + 6 + 75?
9
Let b(d) = -8*d**3 - 6*d**2 + 5*d + 29. What is the units digit of b(-3)?
6
Suppose 3*t - 995 = 370. Suppose 3*g = 10*g - t. What is the units digit of g?
5
Suppose -17783 = -4*l - 5363. What is the tens digit of l?
0
Let f = 226 + -128. Suppose 0*t - 7*t + f = 0. What is the tens digit of t?
1
Let i(l) = -18*l**3 - l**2 + l + 3. Suppose 12 = 7*d - 13*d. What is the tens digit of i(d)?
4
Let p = 2772 - 1777. What is the hundreds digit of p?
9
Let k(n) = 3*n**2 - 7*n - 44. Suppose x = -6*a + 2*a + 18, 0 = -4*x - 2*a + 44. What is the hundreds digit of k(x)?
1
Suppose 29662 + 128738 = 45*k. What is the thousands digit of k?
3
Let y(s) = 7*s**2 + s + 3. Suppose m + 2 = -0. What is the tens digit of y(m)?
2
Let v = -299 - -507. Suppose -v = -5*s + 4*u, s + 2*u - 3*u = 41. What is the units digit of s?
4
Let x = 37 - 9. Let c = -12 + x. What is the tens digit of c?
1
Suppose 5*r + v + 28 = -v, 0 = 2*v - 2. What is the units digit of ((-13)/(-11) - r/(-33))*23?
3
Let n(u) = 2*u**2 - 4*u + 3*u**2 - 4 + 2 - 2. Let h be n(-4). Suppose 4*i = 3*v - 164, -h - 106 = -4*v - 5*i. What is the tens digit of v?
5
Let m(h) = -5*h + 15. Let q(y) = -y + 3. Let i(z) = -6*m(z) + 33*q(z). What is the tens digit of i(-4)?
2
Let w(l) = l**3 + l**2 - l + 4. Let t be w(0). Suppose 0 = 2*r - t - 12. Suppose r*k - k - 49 = 0. What is the units digit of k?
7
Let u be (58/(-5))/((-2)/(-10)). What is the tens digit of -4 - 0 - (11 + u)?
4
Let s(d) = 16*d**3 + d**2 + 6*d - 35. What is the units digit of s(6)?
3
Suppose 16*d - 12 = 13*d. Suppose -d*t = -419 + 31. What is the tens digit of t?
9
What is the tens digit of 2/(((-4)/(-5))/((-17182)/(-55)))?
8
Let r be 2/(-4)*(1 + -3). What is the units digit of (-4 - -7) + (191 - r)?
3
Let c be 70/40 - (-1)/4. Suppose c*x = 10, 52 + 17 = u + x. What is the tens digit of u?
6
Suppose -k = -3*f + 7378, 24*f - 3*k - 2470 = 23*f. What is the hundreds digit of f?
4
Suppose 0 = -4*j + 5*z - 248, 3*j - 7*j - 212 = 4*z. Let s = 81 + j. What is the tens digit of s?
2
Suppose 0 = f - 2*f + 2*c - 65, 0 = 4*f - 5*c + 257. Let o = 96 + f. What is the units digit of o?
3
Suppose -2*b = -3*o - 0 - 21, 0 = 3*b - 4*o - 30. What is the units digit of (9/b)/((-12)/(-176))?
2
Suppose -225 = 7*r - 624. What is the tens digit of r?
5
Let c(x) = x - 1. Let b be c(4). Let t = -45 + 83. Suppose 5 = -b*l + t. What is the units digit of l?
1
Let m = -7303 - -12832. What is the tens digit of m?
2
Let f = 54 + 86. What is the tens digit of 2/(f/(-148) - -1)?
3
Let j be (2/(-6))/((-2)/(-12)). Let q be -2*(-1 - 3/j). Let r = 14 + q. What is the units digit of r?
3
Suppose 5*k + 102 = m - 0*k, 3*m - 306 = 3*k. Suppose -m = 5*z - w - 2*w, 4*z + 2*w = -86. Let u = z + 38. What is the tens digit of u?
1
Suppose 14 = h + 9. Suppose 0 = -2*q - 5*c + 580, 2*c - 671 = h*q - 2092. What is the tens digit of q?
8
Let a(k) be the first derivative of 18*k + 9*k**2 - 1/3*k**3 + 6. What is the tens digit of a(17)?
3
Let h be 46*1*(-4)/(-8). Let o = 17 - h. What is the units digit of o*(-27)/2 + -2?
9
Let l = 172 + 348. What is the units digit of l?
0
What is the tens digit of 39/65*(839 + -4)?
0
Let b = 285 + -21. Let v = b - 143. What is the units digit of v?
1
What is the tens digit of 3510/(-52)*(-8)/3?
8
What is the hundreds digit of (2/(-3))/(19/(205884/(-8)))?
9
Let v be 150/45*(-6)/(-10). Suppose 0 = 2*f - r - 167, 3*f + v*r = -r + 228. What is the tens digit of f?
8
Let b(o) = 2*o - 11. Let u = 42 - 19. Suppose -4*s + 2*p + 58 = 0, 2*p + 3*p - u = -2*s. What is the units digit of b(s)?
7
What is the units digit of (-6490)/22*2/(-10)?
9
Let s = -2583 - -6815. What is the thousands digit of s?
4
Let c = -852 - -1691. What is the tens digit of c?
3
Let n(k) = -1 + k**3 - 6 + 4 - 7*k**2 - 9 + 6*k. Let a be n(8). Suppose 10 = -5*z + a. What is the tens digit of z?
1
Let k(y) = -61*y + 3. Let m be k(-1). Suppose -2*w + 6 + m = 0. What is the tens digit of w?
3
Let n be (4/7)/(16/56). Suppose -3*b = -3*t + 81 + 48, 0 = -4*t + n*b + 180. What is the units digit of t?
7
Let a(t) = t**3 - 6*t**2 - 8*t + 10. Let r be a(7). Suppose 6*h - 66 = r*h. Suppose 2*y - 2 = h. What is the tens digit of y?
1
Let n(a) be the third derivative of a**6/120 - a**5/10 + 5*a**4/24 - 6*a**2. Let z be n(5). What is the units digit of 12 - ((-1 - z) + 0)?
3
Let o = -38 - -41. Suppose -110 = -o*w - 0*w + 2*v, 139 = 4*w + 5*v. What is the units digit of w?
6
Let n(p) = 14*p**2 - 26*p + 31. Let l(g) = -5*g**2 + 9*g - 10. Let v(h) = 11*l(h) + 4*n(h). What is the units digit of v(5)?
4
Suppose 0 = -66*j + 68*j - 354. What is the hundreds digit of j?
1
Let r(a) = -3*a**3 + a**2 - 5*a - 2. Let d(i) = 4*i**3 - 2*i**2 + 6*i + 2. Let u(b) = -2*d(b) - 3*r(b). What is the units digit of u(3)?
7
Let a = 38 + -35. Let j(c) = -1. Let r(y) = -9*y + 8. Let n(q) = -14*j(q) - 2*r(q). What is the units digit of n(a)?
2
Suppose -2*c - 40 = -0*c. Let y be ((-328)/(-6))/(-2)*(-9)/6. Let i = y + c. What is the tens digit of i?
2
Suppose -2*j - 2*j = 164. What is the tens digit of (j/(4/4))/(-1)?
4
Let v = -96 + 168. Let q(x) = x**3 + x**2 - 3*x - 2. Let k be q(2). Suppose -4*z + v = -k. What is the tens digit of z?
1
Let h(s) be the second derivative of -s**5/20 + 7*s**4/12 - 2*s**3/3 + s**2/2 - 2*s. What is the tens digit of h(6)?
1
Suppose 7721 = -51*u + 60200. What is the thousands digit of u?
1
Suppose -2785 = -15*a + 20. What is the units digit of a?
7
Let g(n) = 99*n**3 + n - 2. Let u be g(1). Let k = -32 + u. What is the units digit of k?
6
Suppose 4*p - 13 = -2*z + 7*z, p + 5*z = -3. Let a be (-4 + 2)/p*-3. Suppose 4*h + 0*m - 4*m - 56 = 0, 0 = -a*m + 6. What is the units digit of h?
6
Suppose -4*u + 376 = -4*b, -15*u - 2*b + 370 = -11*u. What is the tens digit of u?
9
Let m(s) = -s**2 - 8*s - 5. Let h be (-65)/9 + (-8)/(-36). What is the units digit of m(h)?
2
Let a be 3 - 0*(-4)/(-16). Suppose -a*l = 4*w - 493, -3*w - 323 = -2*l - 0*w. What is the units digit of l?
3
Suppose -2*g + 2 = -4, 3*t - 5*g = -9. Let p(l) = 13